base 7?
-15205465
What is 111330211112 (base 4) in base 13?
126585b
2cc494 (base 13) to base 15
16e954
-327201 (base 10) to base 15
-66e36
What is 10001101011100 (base 2) in base 6?
105524
What is 101101111011001110101000 (base 2) in base 5?
11040222310
What is 13200214 (base 6) in base 4?
1222111102
What is -838207 (base 12) in base 8?
-7705047
What is -1889874 (base 10) in base 6?
-104301230
Convert 1a1486 (base 14) to base 2.
11100001111110111110
Convert -9830c (base 15) to base 3.
-220112222110
Convert -165088 (base 10) to base 7.
-1255210
Convert 118950 (base 10) to base 9.
201146
-134301 (base 6) to base 10
-12637
What is 612549 (base 10) in base 4?
2111203011
What is -21202002221 (base 3) in base 16?
-25378
What is 132121033 (base 4) in base 6?
2400211
-3568366 (base 9) to base 12
-7939b9
Convert -247b8 (base 16) to base 8.
-443670
-4437b (base 13) to base 7
-1023320
-88619 (base 15) to base 10
-433374
Convert 1023143501 (base 6) to base 7.
160503406
1441706 (base 9) to base 8
3021057
Convert 568221 (base 9) to base 14.
8c1c4
Convert 11a101 (base 13) to base 5.
102000434
What is -3246640 (base 7) in base 6?
-12313041
What is 2a7882 (base 11) in base 16?
74ea7
10145066 (base 8) to base 15
2c6ab3
-300300 (base 7) to base 2
-1100010110001000
-90402 (base 12) to base 9
-314712
Convert -1531350 (base 6) to base 10.
-89778
-a4295a (base 13) to base 2
-1110100111110101001100
36794a (base 11) to base 12
2405ab
Convert ac494 (base 14) to base 10.
418002
-10231204 (base 8) to base 13
-5b2365
What is 21101110120022 (base 3) in base 12?
1394052
Convert -1000000101110010111010 (base 2) to base 9.
-3882274
What is -1261919 (base 10) in base 8?
-4640537
22370632 (base 8) to base 5
2220032403
Convert 211040314 (base 6) to base 4.
32011021312
246751 (base 8) to base 3
11100020222
Convert -10202221200 (base 3) to base 16.
-12252
Convert -38a03 (base 16) to base 5.
-24410224
What is -2612812 (base 10) in base 2?
-1001111101111001001100
What is 1222131442 (base 6) in base 5?
12102232122
Convert 10114142 (base 5) to base 2.
10100000111110110
Convert -231110220 (base 4) to base 9.
-312576
-12484 (base 13) to base 3
-1201021121
Convert -5dbee (base 15) to base 8.
-1111263
Convert -16a771 (base 15) to base 10.
-1098556
Convert -1be527 (base 16) to base 5.
-432000020
What is 121343224 (base 5) in base 2?
10001100010101011110
-f622 (base 16) to base 6
-1203414
What is 124440 (base 11) in base 16?
2fe59
What is b25572 (base 15) in base 6?
501332242
2ac67 (base 14) to base 15
21945
Convert -365711 (base 10) to base 3.
-200120122212
Convert -1db7ec (base 15) to base 12.
-5a2a06
Convert 3c20 (base 16) to base 7.
62606
What is -5580f8 (base 16) in base 12?
-1a62988
What is -13211400 (base 5) in base 2?
-100000010000000100
What is 7a568b (base 12) in base 16?
1de38b
2023702 (base 8) to base 12
21936a
What is -1232630 (base 8) in base 6?
-11152320
What is 1111011111100000111011 (base 2) in base 9?
7568872
What is 54010311 (base 6) in base 2?
110000011101000000011
-110112021001221 (base 3) to base 6
-354412041
Convert -162dbb (base 15) to base 6.
-34555252
-10010111110001100001 (base 2) to base 13
-189c65
Convert -155052 (base 13) to base 16.
-8035e
-10110241 (base 6) to base 11
-188233
What is -7025764 (base 8) in base 12?
-750530
What is -379f4 (base 16) in base 2?
-110111100111110100
What is -231311 (base 4) in base 11?
-2227
Convert -35555 (base 12) to base 4.
-101133101
Convert -522020150 (base 6) to base 11.
-5124389
Convert -1547bb0 (base 15) to base 7.
-245015244
417773 (base 8) to base 6
2552415
Convert 11011111111010010 (base 2) to base 5.
12132032
21120211 (base 3) to base 12
324a
What is -223341 (base 6) in base 3?
-221221221
3267354 (base 8) to base 9
1581562
446143 (base 8) to base 16
24c63
Convert 110220001122210 (base 3) to base 16.
68894d
-521178 (base 11) to base 15
-117ad4
What is -11655 (base 14) in base 7?
-234435
3078649 (base 12) to base 10
9117849
What is -100012020210 (base 3) in base 5?
-21242400
What is 367378 (base 9) in base 8?
661352
Convert -3e6ae (base 15) to base 7.
-1463645
Convert -202133333032 (base 4) to base 12.
-30418ba
What is -328768 (base 11) in base 9?
-877716
22341321 (base 5) to base 4
300232202
-1045421403 (base 6) to base 9
-23513643
Convert 2c66f (base 16) to base 15.
38d4b
-6064134 (base 8) to base 9
-3007181
Convert -a06db2 (base 14) to base 12.
-1983600
-43415030 (base 6) to base 14
-259402
-1230355 (base 7) to base 13
-572a1
256ac (base 13) to base 2
10000111010001111
-17762122 (base 8) to base 12
-149b1aa
-35c9 (base 15) to base 3
-120200200
-4422446 (base 7) to base 4
-2010230312
Convert 4a906 (base 16) to base 12.
1288b2
What is dadbdb (base 14) in base 7?
120005564
-26143 (base 15) to base 9
-205050
-10000000111100011111001 (base 2) to base 7
-50625403
103100300 (base 4) to base 12
397a8
54948 (base 11) to base 3
11001021202
What is -31033234 (base 5) in base 10?
-252319
-12056061 (base 7) to base 14
-1dd031
Convert 132311154 (base 6) to base 15.
3717d1
-23c03 (base 16) to base 8
-436003
Convert -53d19 (base 14) to base 15.
-401a8
369337 (base 12) to base 13
250921
Convert 9b62c (base 16) to base 3.
1012100001121
What is 133032 (base 4) in base 11?
1557
What is 23054 (base 15) in base 2?
11011001101011110
Convert e0069 (base 16) to base 8.
3400151
Convert 253333 (base 6) to base 15.
6b59
-130003 (base 6) to base 3
-121000010
Convert 10001001110110111100011 (base 2) to base 14.
858399
-67229 (base 14) to base 15
-4e1a8
What is -2b8584 (base 16) in base 5?
-1212232403
-41728 (base 9) to base 8
-65656
What is -8a609b (base 14) in base 10?
-4703353
-1030040121 (base 5) to base 16
-216ad4
Convert -2036345 (base 7) to base 12.
-b976b
-2201300 (base 5) to base 14
-da4c
100101001110001011011111 (base 2) to base 13
203831a
What is 1100110101101011011 (base 2) in base 7?
3401346
17336256 (base 8) to base 9
7546053
What is 3eff3 (base 16) in base 9?
432855
What is -86d7a (base 14) in base 8?
-1175460
-103233213 (base 6) to base 11
-1047263
What is 63451024 (base 7) in base 12?
1971a07
What is -20380a (base 15) in base 16?
-175b3d
122001203102 (base 4) to base 16
6818d2
-95291 (base 11) to base 16
-21e0e
Convert ca119 (base 13) to base 9.
615476
-34620 (base 10) to base 5
-2101440
What is -93471 (base 11) in base 3?
-20221000001
Convert 11001122011211 (base 3) to base 16.
20ed92
Convert -1353229 (base 13) to base 14.
-b477a9
What is 133013102 (base 4) in base 10?
127442
What is -4c0025 (base 14) in base 3?
-11220201102122
What is -257102 (base 8) in base 7?
-522263
What is -138812 (base 10) in base 5?
-13420222
6d8587 (base 16) to base 5
3314140412
Convert 3352225 (base 11) to base 15.
7b0682
Convert -2010511 (base 6) to base 16.
-1724b
What is 102130133101 (base 4) in base 10?
4835281
What is -2828b2 (base 12) in base 10?
-668294
What is -819b9d (base 14) in base 4?
-100222121333
What is -292115 (base 10) in base 14?
-78655
Convert 222b9b7 (base 12) to base 9.
13254534
Convert -140602560 (base 7) to base 16.
-8bc854
Convert -1124936 (base 15) to base 5.
-11120014301
Convert -128227 (base 13) to base 2.
-1101100111110011010
What is -110110101001101011100111 (base 2) in base 4?
-312221223213
What is 55485 (base 11) in base 13?
2a7c6
31123744 (base 8) to base 6
353215420
What is cc6c23 (base 13) in base 11?
2798498
94312a (base 11) to base 6
52224441
Convert -11102022120220 (base 3) to base 5.
-1100123123
-61254 (base 8) to base 11
-17a84
Convert -adc054 (base 14) to base 8.
-26430172
What is 5e0343 (base 16) in base 7?
103240511
Convert -153d405 (base 14) to base 12.
-3581451
Convert -113410510 (base 7) to base 11.
-3a59663
What is 3346507 (base 8) in base 12?
377547
330333011 (base 4) to base 14
67069
-77363 (base 16) to base 10
-488291
What is 2334332210 (base 5) in base 11?
3049aa9
What is -3568847 (base 9) in base 3?
-10122022221121
19d85 (base 16) to base 3
12101012210
-110120333 (base 4) to base 11
-57827
-13321322 (base 4) to base 16
-7e7a
-720757 (base 8) to base 16
-3a1ef
What is -c1977 (base 15) in base 4?
-2111222110
What is 100001011111101101000111 (base 2) in base 3?
121112002201222
What is -7a985 (base 12) in base 10?
-163829
Convert a68d0 (base 14) to base 12.
174a32
Convert -10191 (base 16) to base 9.
-1104